{"id":35,"date":"2024-07-01T12:34:30","date_gmt":"2024-07-01T10:34:30","guid":{"rendered":"https:\/\/tictacsax.com\/?page_id=35"},"modified":"2025-08-20T14:16:08","modified_gmt":"2025-08-20T12:16:08","slug":"saxofonista-dj-bodas","status":"publish","type":"page","link":"https:\/\/tictacsax.com\/?page_id=35","title":{"rendered":"Sobre nosotros"},"content":{"rendered":"\t\t<div data-elementor-type=\"wp-page\" data-elementor-id=\"35\" class=\"elementor elementor-35\" data-elementor-post-type=\"page\">\n\t\t\t\t<div class=\"elementor-element elementor-element-7fdffcb e-flex e-con-boxed e-con e-parent\" data-id=\"7fdffcb\" data-element_type=\"container\" data-settings=\"{&quot;background_background&quot;:&quot;classic&quot;}\">\n\t\t\t\t\t<div class=\"e-con-inner\">\n\t\t\t\t<div class=\"elementor-element elementor-element-8af4c18 elementor-headline--style-highlight elementor-widget elementor-widget-global elementor-global-683 elementor-widget-animated-headline\" data-id=\"8af4c18\" data-element_type=\"widget\" data-settings=\"{&quot;marker&quot;:&quot;underline&quot;,&quot;headline_style&quot;:&quot;highlight&quot;,&quot;loop&quot;:&quot;yes&quot;,&quot;highlight_animation_duration&quot;:1200,&quot;highlight_iteration_delay&quot;:8000}\" data-widget_type=\"animated-headline.default\">\n\t\t\t\t<div class=\"elementor-widget-container\">\n\t\t\t<link rel=\"stylesheet\" href=\"https:\/\/tictacsax.com\/wp-content\/plugins\/elementor-pro\/assets\/css\/widget-animated-headline.min.css\">\t\t<h1 class=\"elementor-headline\">\n\t\t\t\t<span class=\"elementor-headline-dynamic-wrapper elementor-headline-text-wrapper\">\n\t\t\t\t<\/span>\n\t\t\t\t<\/h1>\n\t\t\t\t<\/div>\n\t\t\t\t<\/div>\n\t\t\t\t\t<\/div>\n\t\t\t\t<\/div>\n\t\t<div class=\"elementor-element elementor-element-a18970f e-flex e-con-boxed e-con e-parent\" data-id=\"a18970f\" data-element_type=\"container\" id=\"content\">\n\t\t\t\t\t<div class=\"e-con-inner\">\n\t\t\t\t<div class=\"elementor-element elementor-element-fe27358 elementor-widget elementor-widget-spacer\" data-id=\"fe27358\" data-element_type=\"widget\" data-widget_type=\"spacer.default\">\n\t\t\t\t<div class=\"elementor-widget-container\">\n\t\t\t<style>\/*! elementor - v3.22.0 - 26-06-2024 *\/\n.elementor-column .elementor-spacer-inner{height:var(--spacer-size)}.e-con{--container-widget-width:100%}.e-con-inner>.elementor-widget-spacer,.e-con>.elementor-widget-spacer{width:var(--container-widget-width,var(--spacer-size));--align-self:var(--container-widget-align-self,initial);--flex-shrink:0}.e-con-inner>.elementor-widget-spacer>.elementor-widget-container,.e-con>.elementor-widget-spacer>.elementor-widget-container{height:100%;width:100%}.e-con-inner>.elementor-widget-spacer>.elementor-widget-container>.elementor-spacer,.e-con>.elementor-widget-spacer>.elementor-widget-container>.elementor-spacer{height:100%}.e-con-inner>.elementor-widget-spacer>.elementor-widget-container>.elementor-spacer>.elementor-spacer-inner,.e-con>.elementor-widget-spacer>.elementor-widget-container>.elementor-spacer>.elementor-spacer-inner{height:var(--container-widget-height,var(--spacer-size))}.e-con-inner>.elementor-widget-spacer.elementor-widget-empty,.e-con>.elementor-widget-spacer.elementor-widget-empty{position:relative;min-height:22px;min-width:22px}.e-con-inner>.elementor-widget-spacer.elementor-widget-empty .elementor-widget-empty-icon,.e-con>.elementor-widget-spacer.elementor-widget-empty .elementor-widget-empty-icon{position:absolute;top:0;bottom:0;left:0;right:0;margin:auto;padding:0;width:22px;height:22px}<\/style>\t\t<div class=\"elementor-spacer\">\n\t\t\t<div class=\"elementor-spacer-inner\"><\/div>\n\t\t<\/div>\n\t\t\t\t<\/div>\n\t\t\t\t<\/div>\n\t\t\t\t\t<\/div>\n\t\t\t\t<\/div>\n\t\t<div class=\"elementor-element elementor-element-987a2b1 e-flex e-con-boxed e-con e-parent\" data-id=\"987a2b1\" data-element_type=\"container\">\n\t\t\t\t\t<div class=\"e-con-inner\">\n\t\t<div class=\"elementor-element elementor-element-38a5a53 e-con-full e-flex e-con e-child\" data-id=\"38a5a53\" data-element_type=\"container\">\n\t\t\t\t<div class=\"elementor-element elementor-element-3750e52 elementor-widget elementor-widget-image\" data-id=\"3750e52\" data-element_type=\"widget\" data-widget_type=\"image.default\">\n\t\t\t\t<div class=\"elementor-widget-container\">\n\t\t\t<style>\/*! elementor - v3.22.0 - 26-06-2024 *\/\n.elementor-widget-image{text-align:center}.elementor-widget-image a{display:inline-block}.elementor-widget-image a img[src$=\".svg\"]{width:48px}.elementor-widget-image img{vertical-align:middle;display:inline-block}<\/style>\t\t\t\t\t\t\t\t\t\t<img fetchpriority=\"high\" decoding=\"async\" width=\"960\" height=\"640\" src=\"https:\/\/tictacsax.com\/wp-content\/uploads\/2024\/07\/tic-tac-10_1_189849-164738419329321.webp\" class=\"elementor-animation-grow attachment-full size-full wp-image-158\" alt=\"\" srcset=\"https:\/\/tictacsax.com\/wp-content\/uploads\/2024\/07\/tic-tac-10_1_189849-164738419329321.webp 960w, https:\/\/tictacsax.com\/wp-content\/uploads\/2024\/07\/tic-tac-10_1_189849-164738419329321-300x200.webp 300w, https:\/\/tictacsax.com\/wp-content\/uploads\/2024\/07\/tic-tac-10_1_189849-164738419329321-768x512.webp 768w\" sizes=\"(max-width: 960px) 100vw, 960px\" \/>\t\t\t\t\t\t\t\t\t\t\t\t\t<\/div>\n\t\t\t\t<\/div>\n\t\t\t\t<\/div>\n\t\t<div class=\"elementor-element elementor-element-17036c3 e-con-full e-flex e-con e-child\" data-id=\"17036c3\" data-element_type=\"container\">\n\t\t\t\t<div class=\"elementor-element elementor-element-7c5ba8b elementor-widget elementor-widget-text-editor\" data-id=\"7c5ba8b\" data-element_type=\"widget\" data-widget_type=\"text-editor.default\">\n\t\t\t\t<div class=\"elementor-widget-container\">\n\t\t\t<style>\/*! elementor - v3.22.0 - 26-06-2024 *\/\n.elementor-widget-text-editor.elementor-drop-cap-view-stacked .elementor-drop-cap{background-color:#69727d;color:#fff}.elementor-widget-text-editor.elementor-drop-cap-view-framed .elementor-drop-cap{color:#69727d;border:3px solid;background-color:transparent}.elementor-widget-text-editor:not(.elementor-drop-cap-view-default) .elementor-drop-cap{margin-top:8px}.elementor-widget-text-editor:not(.elementor-drop-cap-view-default) .elementor-drop-cap-letter{width:1em;height:1em}.elementor-widget-text-editor .elementor-drop-cap{float:left;text-align:center;line-height:1;font-size:50px}.elementor-widget-text-editor .elementor-drop-cap-letter{display:inline-block}<\/style>\t\t\t\t<p>Somos <strong>Tic Tac Sax,<\/strong> os aseguramos <strong>m\u00fasica de calidad y en directo<\/strong> tanto en vuestra <strong>ceremonia,<\/strong> ya sea <strong>civil o religiosa,<\/strong> como en vuestra <strong>copa de bienvenida y barra libre.<\/strong> Con nuestro <strong>saxo<\/strong> y nuestro <strong>desparpajo<\/strong> seremos capaces de aportar singularidad a cualquier momento y convertir vuestra celebraci\u00f3n en un <strong>evento<\/strong> a\u00fan m\u00e1s <strong>especial.<\/strong> Todos quedareis maravillados ante nuestro talento, y es que <strong>nuestra experiencia avala nuestros \u00e9xitos.<\/strong><\/p><p>Nuestro <strong>saxo<\/strong> amplificado con un <strong>equipo de sonido premium<\/strong> le dar\u00e1 un toque muy particular y diferente al resto de bodas comunes. No os arrepentir\u00e9is cuando ve\u00e1is de lo que somos capaces. Podremos <strong>adaptarnos<\/strong> a todas <strong>vuestras preferencias<\/strong> tocando desde <strong>Edith Piaf,<\/strong> hasta <strong>bandas sonoras, Dire Straits<\/strong> y m\u00fasica de <strong>Avicii o David Guetta<\/strong> para hacer saltar a todos vuestros invitados a la pista de baile.<\/p><p><strong>\u00a1No lo dud\u00e9is m\u00e1s!<\/strong> Contactad ahora con nosotros y reservad vuestra fecha.<\/p>\t\t\t\t\t\t<\/div>\n\t\t\t\t<\/div>\n\t\t\t\t<\/div>\n\t\t\t\t\t<\/div>\n\t\t\t\t<\/div>\n\t\t<div class=\"elementor-element elementor-element-4ec41c6 e-flex e-con-boxed e-con e-parent\" data-id=\"4ec41c6\" data-element_type=\"container\">\n\t\t\t\t\t<div class=\"e-con-inner\">\n\t\t\t\t<div class=\"elementor-element elementor-element-91e58bb elementor-widget elementor-widget-spacer\" data-id=\"91e58bb\" data-element_type=\"widget\" data-widget_type=\"spacer.default\">\n\t\t\t\t<div class=\"elementor-widget-container\">\n\t\t\t\t\t<div class=\"elementor-spacer\">\n\t\t\t<div class=\"elementor-spacer-inner\"><\/div>\n\t\t<\/div>\n\t\t\t\t<\/div>\n\t\t\t\t<\/div>\n\t\t\t\t<div class=\"elementor-element elementor-element-8242a8b elementor-widget elementor-widget-html\" data-id=\"8242a8b\" data-element_type=\"widget\" data-widget_type=\"html.default\">\n\t\t\t\t<div class=\"elementor-widget-container\">\n\t\t\t<script src=\"https:\/\/cdn1.bodas.net\/js\/wp-widget.js?symfnw-ES171-1-20240703-004_www_m_\"><\/script>\r\n<div id=\"wp-widget-reviews\">\r\n    <div id=\"wp-widget-preview\">\r\n        Lee <a href=\"https:\/\/www.bodas.net\/musica\/tic-tac-sax--e189849\/opiniones\" rel=\"nofollow\" rel=\"nofollow\">nuestras opiniones<\/a> en &nbsp;\r\n        <a href='https:\/\/www.bodas.net' rel=\"nofollow\">\r\n            <img decoding=\"async\" src=\"https:\/\/cdn1.bodas.net\/assets\/img\/logos\/gen_logoHeader.svg\" height=\"20\">\r\n        <\/a>\r\n    <\/div>\r\n<\/div>\r\n<script>wpShowReviews(189849, \"black\");<\/script>\r\n\t\t<\/div>\n\t\t\t\t<\/div>\n\t\t\t\t<div class=\"elementor-element elementor-element-476672a elementor-widget elementor-widget-spacer\" data-id=\"476672a\" data-element_type=\"widget\" data-widget_type=\"spacer.default\">\n\t\t\t\t<div class=\"elementor-widget-container\">\n\t\t\t\t\t<div class=\"elementor-spacer\">\n\t\t\t<div class=\"elementor-spacer-inner\"><\/div>\n\t\t<\/div>\n\t\t\t\t<\/div>\n\t\t\t\t<\/div>\n\t\t\t\t\t<\/div>\n\t\t\t\t<\/div>\n\t\t<div class=\"elementor-element elementor-element-f93fda7 e-flex e-con-boxed e-con e-parent\" data-id=\"f93fda7\" data-element_type=\"container\">\n\t\t\t\t\t<div class=\"e-con-inner\">\n\t\t\t\t<div class=\"elementor-element elementor-element-d810848 elementor-arrows-position-outside elementor-widget elementor-widget-global elementor-global-241 elementor-widget-image-carousel\" data-id=\"d810848\" data-element_type=\"widget\" data-settings=\"{&quot;image_spacing_custom&quot;:{&quot;unit&quot;:&quot;px&quot;,&quot;size&quot;:80,&quot;sizes&quot;:[]},&quot;navigation&quot;:&quot;arrows&quot;,&quot;autoplay&quot;:&quot;yes&quot;,&quot;pause_on_hover&quot;:&quot;yes&quot;,&quot;pause_on_interaction&quot;:&quot;yes&quot;,&quot;autoplay_speed&quot;:5000,&quot;infinite&quot;:&quot;yes&quot;,&quot;speed&quot;:500,&quot;image_spacing_custom_tablet&quot;:{&quot;unit&quot;:&quot;px&quot;,&quot;size&quot;:&quot;&quot;,&quot;sizes&quot;:[]},&quot;image_spacing_custom_mobile&quot;:{&quot;unit&quot;:&quot;px&quot;,&quot;size&quot;:&quot;&quot;,&quot;sizes&quot;:[]}}\" data-widget_type=\"image-carousel.default\">\n\t\t\t\t<div class=\"elementor-widget-container\">\n\t\t\t<style>\/*! elementor - v3.22.0 - 26-06-2024 *\/\n.elementor-widget-image-carousel .swiper,.elementor-widget-image-carousel .swiper-container{position:static}.elementor-widget-image-carousel .swiper-container .swiper-slide figure,.elementor-widget-image-carousel .swiper .swiper-slide figure{line-height:inherit}.elementor-widget-image-carousel .swiper-slide{text-align:center}.elementor-image-carousel-wrapper:not(.swiper-container-initialized):not(.swiper-initialized) .swiper-slide{max-width:calc(100% \/ var(--e-image-carousel-slides-to-show, 3))}<\/style>\t\t<div class=\"elementor-image-carousel-wrapper swiper\" dir=\"ltr\">\n\t\t\t<div class=\"elementor-image-carousel swiper-wrapper\" aria-live=\"off\">\n\t\t\t\t\t\t\t\t<div class=\"swiper-slide\" role=\"group\" aria-roledescription=\"slide\" aria-label=\"1 de 3\"><figure class=\"swiper-slide-inner\"><img decoding=\"async\" class=\"swiper-slide-image\" src=\"https:\/\/tictacsax.com\/wp-content\/uploads\/2024\/07\/new-instagram-text-logo.png\" alt=\"new-instagram-text-logo\" \/><\/figure><\/div><div class=\"swiper-slide\" role=\"group\" aria-roledescription=\"slide\" aria-label=\"2 de 3\"><figure class=\"swiper-slide-inner\"><img decoding=\"async\" class=\"swiper-slide-image\" src=\"https:\/\/tictacsax.com\/wp-content\/uploads\/2024\/07\/logo-facebook-facebook-logo-png-transparent-svg-vector-bie-supply-13.png\" alt=\"logo-facebook-facebook-logo-png-transparent-svg-vector-bie-supply-13\" \/><\/figure><\/div><div class=\"swiper-slide\" role=\"group\" aria-roledescription=\"slide\" aria-label=\"3 de 3\"><figure class=\"swiper-slide-inner\"><img decoding=\"async\" class=\"swiper-slide-image\" src=\"https:\/\/tictacsax.com\/wp-content\/uploads\/2024\/07\/logo_horizontal-lw.png\" alt=\"logo_horizontal-lw\" \/><\/figure><\/div>\t\t\t<\/div>\n\t\t\t\t\t\t\t\t\t\t\t\t<div class=\"elementor-swiper-button elementor-swiper-button-prev\" role=\"button\" tabindex=\"0\">\n\t\t\t\t\t\t<svg aria-hidden=\"true\" class=\"e-font-icon-svg e-eicon-chevron-left\" viewBox=\"0 0 1000 1000\" xmlns=\"http:\/\/www.w3.org\/2000\/svg\"><path d=\"M646 125C629 125 613 133 604 142L308 442C296 454 292 471 292 487 292 504 296 521 308 533L604 854C617 867 629 875 646 875 663 875 679 871 692 858 704 846 713 829 713 812 713 796 708 779 692 767L438 487 692 225C700 217 708 204 708 187 708 171 704 154 692 142 675 129 663 125 646 125Z\"><\/path><\/svg>\t\t\t\t\t<\/div>\n\t\t\t\t\t<div class=\"elementor-swiper-button elementor-swiper-button-next\" role=\"button\" tabindex=\"0\">\n\t\t\t\t\t\t<svg aria-hidden=\"true\" class=\"e-font-icon-svg e-eicon-chevron-right\" viewBox=\"0 0 1000 1000\" xmlns=\"http:\/\/www.w3.org\/2000\/svg\"><path d=\"M696 533C708 521 713 504 713 487 713 471 708 454 696 446L400 146C388 133 375 125 354 125 338 125 325 129 313 142 300 154 292 171 292 187 292 204 296 221 308 233L563 492 304 771C292 783 288 800 288 817 288 833 296 850 308 863 321 871 338 875 354 875 371 875 388 867 400 854L696 533Z\"><\/path><\/svg>\t\t\t\t\t<\/div>\n\t\t\t\t\n\t\t\t\t\t\t\t\t\t<\/div>\n\t\t\t\t<\/div>\n\t\t\t\t<\/div>\n\t\t\t\t<div class=\"elementor-element elementor-element-b7fa86e elementor-widget elementor-widget-spacer\" data-id=\"b7fa86e\" data-element_type=\"widget\" data-widget_type=\"spacer.default\">\n\t\t\t\t<div class=\"elementor-widget-container\">\n\t\t\t\t\t<div class=\"elementor-spacer\">\n\t\t\t<div class=\"elementor-spacer-inner\"><\/div>\n\t\t<\/div>\n\t\t\t\t<\/div>\n\t\t\t\t<\/div>\n\t\t\t\t\t<\/div>\n\t\t\t\t<\/div>\n\t\t\t\t<\/div>\n\t\t","protected":false},"excerpt":{"rendered":"<p>Somos Tic Tac Sax, os aseguramos m\u00fasica de calidad y en directo tanto en vuestra ceremonia, ya sea civil o religiosa, como en vuestra copa de bienvenida y barra libre. Con nuestro saxo y nuestro desparpajo seremos capaces de aportar singularidad a cualquier momento y convertir vuestra celebraci\u00f3n en un evento a\u00fan m\u00e1s especial. Todos [&hellip;]<\/p>\n","protected":false},"author":1,"featured_media":0,"parent":0,"menu_order":0,"comment_status":"closed","ping_status":"closed","template":"","meta":{"_acf_changed":false,"footnotes":""},"class_list":["post-35","page","type-page","status-publish","hentry"],"acf":[],"yoast_head":"<!-- This site is optimized with the Yoast SEO plugin v25.1 - https:\/\/yoast.com\/wordpress\/plugins\/seo\/ -->\n<title>Sobre nosotros - TicTacSax<\/title>\n<meta name=\"description\" content=\"\u00bfBuscas un saxofonista y DJ para bodas? En Tic Tac Sax convertimos tu ceremonia, copa de bienvenida o barra libre en un evento inolvidable con m\u00fasica en directo, estilo y energ\u00eda. \u00a1Reserva tu fecha ahora!\" \/>\n<meta name=\"robots\" content=\"index, follow, max-snippet:-1, max-image-preview:large, max-video-preview:-1\" \/>\n<link rel=\"canonical\" href=\"https:\/\/tictacsax.com\/?page_id=35\" \/>\n<meta property=\"og:locale\" content=\"es_ES\" \/>\n<meta property=\"og:type\" content=\"article\" \/>\n<meta property=\"og:title\" content=\"Sobre nosotros - TicTacSax\" \/>\n<meta property=\"og:description\" content=\"\u00bfBuscas un saxofonista y DJ para bodas? En Tic Tac Sax convertimos tu ceremonia, copa de bienvenida o barra libre en un evento inolvidable con m\u00fasica en directo, estilo y energ\u00eda. \u00a1Reserva tu fecha ahora!\" \/>\n<meta property=\"og:url\" content=\"https:\/\/tictacsax.com\/?page_id=35\" \/>\n<meta property=\"og:site_name\" content=\"TicTacSax\" \/>\n<meta property=\"article:publisher\" content=\"https:\/\/www.facebook.com\/tictacsax\/\" \/>\n<meta property=\"article:modified_time\" content=\"2025-08-20T12:16:08+00:00\" \/>\n<meta property=\"og:image\" content=\"https:\/\/tictacsax.com\/wp-content\/uploads\/2024\/07\/tic-tac-10_1_189849-164738419329321.webp\" \/>\n\t<meta property=\"og:image:width\" content=\"960\" \/>\n\t<meta property=\"og:image:height\" content=\"640\" \/>\n\t<meta property=\"og:image:type\" content=\"image\/webp\" \/>\n<meta name=\"twitter:card\" content=\"summary_large_image\" \/>\n<meta name=\"twitter:label1\" content=\"Tiempo de lectura\" \/>\n\t<meta name=\"twitter:data1\" content=\"3 minutos\" \/>\n<script type=\"application\/ld+json\" class=\"yoast-schema-graph\">{\"@context\":\"https:\/\/schema.org\",\"@graph\":[{\"@type\":\"WebPage\",\"@id\":\"https:\/\/tictacsax.com\/?page_id=35\",\"url\":\"https:\/\/tictacsax.com\/?page_id=35\",\"name\":\"Sobre nosotros - TicTacSax\",\"isPartOf\":{\"@id\":\"https:\/\/tictacsax.com\/#website\"},\"primaryImageOfPage\":{\"@id\":\"https:\/\/tictacsax.com\/?page_id=35#primaryimage\"},\"image\":{\"@id\":\"https:\/\/tictacsax.com\/?page_id=35#primaryimage\"},\"thumbnailUrl\":\"https:\/\/tictacsax.com\/wp-content\/uploads\/2024\/07\/tic-tac-10_1_189849-164738419329321.webp\",\"datePublished\":\"2024-07-01T10:34:30+00:00\",\"dateModified\":\"2025-08-20T12:16:08+00:00\",\"description\":\"\u00bfBuscas un saxofonista y DJ para bodas? En Tic Tac Sax convertimos tu ceremonia, copa de bienvenida o barra libre en un evento inolvidable con m\u00fasica en directo, estilo y energ\u00eda. \u00a1Reserva tu fecha ahora!\",\"breadcrumb\":{\"@id\":\"https:\/\/tictacsax.com\/?page_id=35#breadcrumb\"},\"inLanguage\":\"es\",\"potentialAction\":[{\"@type\":\"ReadAction\",\"target\":[\"https:\/\/tictacsax.com\/?page_id=35\"]}]},{\"@type\":\"ImageObject\",\"inLanguage\":\"es\",\"@id\":\"https:\/\/tictacsax.com\/?page_id=35#primaryimage\",\"url\":\"https:\/\/tictacsax.com\/wp-content\/uploads\/2024\/07\/tic-tac-10_1_189849-164738419329321.webp\",\"contentUrl\":\"https:\/\/tictacsax.com\/wp-content\/uploads\/2024\/07\/tic-tac-10_1_189849-164738419329321.webp\",\"width\":960,\"height\":640},{\"@type\":\"BreadcrumbList\",\"@id\":\"https:\/\/tictacsax.com\/?page_id=35#breadcrumb\",\"itemListElement\":[{\"@type\":\"ListItem\",\"position\":1,\"name\":\"Portada\",\"item\":\"https:\/\/tictacsax.com\/\"},{\"@type\":\"ListItem\",\"position\":2,\"name\":\"Sobre nosotros\"}]},{\"@type\":\"WebSite\",\"@id\":\"https:\/\/tictacsax.com\/#website\",\"url\":\"https:\/\/tictacsax.com\/\",\"name\":\"TicTacSax\",\"description\":\"\",\"publisher\":{\"@id\":\"https:\/\/tictacsax.com\/#organization\"},\"potentialAction\":[{\"@type\":\"SearchAction\",\"target\":{\"@type\":\"EntryPoint\",\"urlTemplate\":\"https:\/\/tictacsax.com\/?s={search_term_string}\"},\"query-input\":{\"@type\":\"PropertyValueSpecification\",\"valueRequired\":true,\"valueName\":\"search_term_string\"}}],\"inLanguage\":\"es\"},{\"@type\":\"Organization\",\"@id\":\"https:\/\/tictacsax.com\/#organization\",\"name\":\"TicTacSax\",\"url\":\"https:\/\/tictacsax.com\/\",\"logo\":{\"@type\":\"ImageObject\",\"inLanguage\":\"es\",\"@id\":\"https:\/\/tictacsax.com\/#\/schema\/logo\/image\/\",\"url\":\"https:\/\/tictacsax.com\/wp-content\/uploads\/2024\/07\/Imagen-de-WhatsApp-2024-07-02-a-las-09.55.36_c9be05cb.jpg\",\"contentUrl\":\"https:\/\/tictacsax.com\/wp-content\/uploads\/2024\/07\/Imagen-de-WhatsApp-2024-07-02-a-las-09.55.36_c9be05cb.jpg\",\"width\":1600,\"height\":1090,\"caption\":\"TicTacSax\"},\"image\":{\"@id\":\"https:\/\/tictacsax.com\/#\/schema\/logo\/image\/\"},\"sameAs\":[\"https:\/\/www.facebook.com\/tictacsax\/\",\"https:\/\/www.instagram.com\/tic_tac_sax\/\",\"https:\/\/www.bodas.net\/musica\/tic-tac-sax--e189849\"]}]}<\/script>\n<!-- \/ Yoast SEO plugin. -->","yoast_head_json":{"title":"Sobre nosotros - TicTacSax","description":"\u00bfBuscas un saxofonista y DJ para bodas? En Tic Tac Sax convertimos tu ceremonia, copa de bienvenida o barra libre en un evento inolvidable con m\u00fasica en directo, estilo y energ\u00eda. \u00a1Reserva tu fecha ahora!","robots":{"index":"index","follow":"follow","max-snippet":"max-snippet:-1","max-image-preview":"max-image-preview:large","max-video-preview":"max-video-preview:-1"},"canonical":"https:\/\/tictacsax.com\/?page_id=35","og_locale":"es_ES","og_type":"article","og_title":"Sobre nosotros - TicTacSax","og_description":"\u00bfBuscas un saxofonista y DJ para bodas? En Tic Tac Sax convertimos tu ceremonia, copa de bienvenida o barra libre en un evento inolvidable con m\u00fasica en directo, estilo y energ\u00eda. \u00a1Reserva tu fecha ahora!","og_url":"https:\/\/tictacsax.com\/?page_id=35","og_site_name":"TicTacSax","article_publisher":"https:\/\/www.facebook.com\/tictacsax\/","article_modified_time":"2025-08-20T12:16:08+00:00","og_image":[{"width":960,"height":640,"url":"https:\/\/tictacsax.com\/wp-content\/uploads\/2024\/07\/tic-tac-10_1_189849-164738419329321.webp","type":"image\/webp"}],"twitter_card":"summary_large_image","twitter_misc":{"Tiempo de lectura":"3 minutos"},"schema":{"@context":"https:\/\/schema.org","@graph":[{"@type":"WebPage","@id":"https:\/\/tictacsax.com\/?page_id=35","url":"https:\/\/tictacsax.com\/?page_id=35","name":"Sobre nosotros - TicTacSax","isPartOf":{"@id":"https:\/\/tictacsax.com\/#website"},"primaryImageOfPage":{"@id":"https:\/\/tictacsax.com\/?page_id=35#primaryimage"},"image":{"@id":"https:\/\/tictacsax.com\/?page_id=35#primaryimage"},"thumbnailUrl":"https:\/\/tictacsax.com\/wp-content\/uploads\/2024\/07\/tic-tac-10_1_189849-164738419329321.webp","datePublished":"2024-07-01T10:34:30+00:00","dateModified":"2025-08-20T12:16:08+00:00","description":"\u00bfBuscas un saxofonista y DJ para bodas? En Tic Tac Sax convertimos tu ceremonia, copa de bienvenida o barra libre en un evento inolvidable con m\u00fasica en directo, estilo y energ\u00eda. \u00a1Reserva tu fecha ahora!","breadcrumb":{"@id":"https:\/\/tictacsax.com\/?page_id=35#breadcrumb"},"inLanguage":"es","potentialAction":[{"@type":"ReadAction","target":["https:\/\/tictacsax.com\/?page_id=35"]}]},{"@type":"ImageObject","inLanguage":"es","@id":"https:\/\/tictacsax.com\/?page_id=35#primaryimage","url":"https:\/\/tictacsax.com\/wp-content\/uploads\/2024\/07\/tic-tac-10_1_189849-164738419329321.webp","contentUrl":"https:\/\/tictacsax.com\/wp-content\/uploads\/2024\/07\/tic-tac-10_1_189849-164738419329321.webp","width":960,"height":640},{"@type":"BreadcrumbList","@id":"https:\/\/tictacsax.com\/?page_id=35#breadcrumb","itemListElement":[{"@type":"ListItem","position":1,"name":"Portada","item":"https:\/\/tictacsax.com\/"},{"@type":"ListItem","position":2,"name":"Sobre nosotros"}]},{"@type":"WebSite","@id":"https:\/\/tictacsax.com\/#website","url":"https:\/\/tictacsax.com\/","name":"TicTacSax","description":"","publisher":{"@id":"https:\/\/tictacsax.com\/#organization"},"potentialAction":[{"@type":"SearchAction","target":{"@type":"EntryPoint","urlTemplate":"https:\/\/tictacsax.com\/?s={search_term_string}"},"query-input":{"@type":"PropertyValueSpecification","valueRequired":true,"valueName":"search_term_string"}}],"inLanguage":"es"},{"@type":"Organization","@id":"https:\/\/tictacsax.com\/#organization","name":"TicTacSax","url":"https:\/\/tictacsax.com\/","logo":{"@type":"ImageObject","inLanguage":"es","@id":"https:\/\/tictacsax.com\/#\/schema\/logo\/image\/","url":"https:\/\/tictacsax.com\/wp-content\/uploads\/2024\/07\/Imagen-de-WhatsApp-2024-07-02-a-las-09.55.36_c9be05cb.jpg","contentUrl":"https:\/\/tictacsax.com\/wp-content\/uploads\/2024\/07\/Imagen-de-WhatsApp-2024-07-02-a-las-09.55.36_c9be05cb.jpg","width":1600,"height":1090,"caption":"TicTacSax"},"image":{"@id":"https:\/\/tictacsax.com\/#\/schema\/logo\/image\/"},"sameAs":["https:\/\/www.facebook.com\/tictacsax\/","https:\/\/www.instagram.com\/tic_tac_sax\/","https:\/\/www.bodas.net\/musica\/tic-tac-sax--e189849"]}]}},"_links":{"self":[{"href":"https:\/\/tictacsax.com\/index.php?rest_route=\/wp\/v2\/pages\/35","targetHints":{"allow":["GET"]}}],"collection":[{"href":"https:\/\/tictacsax.com\/index.php?rest_route=\/wp\/v2\/pages"}],"about":[{"href":"https:\/\/tictacsax.com\/index.php?rest_route=\/wp\/v2\/types\/page"}],"author":[{"embeddable":true,"href":"https:\/\/tictacsax.com\/index.php?rest_route=\/wp\/v2\/users\/1"}],"replies":[{"embeddable":true,"href":"https:\/\/tictacsax.com\/index.php?rest_route=%2Fwp%2Fv2%2Fcomments&post=35"}],"version-history":[{"count":51,"href":"https:\/\/tictacsax.com\/index.php?rest_route=\/wp\/v2\/pages\/35\/revisions"}],"predecessor-version":[{"id":1056,"href":"https:\/\/tictacsax.com\/index.php?rest_route=\/wp\/v2\/pages\/35\/revisions\/1056"}],"wp:attachment":[{"href":"https:\/\/tictacsax.com\/index.php?rest_route=%2Fwp%2Fv2%2Fmedia&parent=35"}],"curies":[{"name":"wp","href":"https:\/\/api.w.org\/{rel}","templated":true}]}}